t v(z) = -z**2 + 4*z - 3. Suppose p - 5*p = 0. Let q = 3 + p. What is v(q)?
0
Let i = 8 - 6. Suppose -6*v + i*v = 0. Let p(r) = -r + 4. Give p(v).
4
Let g(d) be the second derivative of -d**4/12 + 5*d**3/6 - d**2 + 3*d. Calculate g(6).
-8
Suppose 13*k = 4*z + 11*k + 12, 0 = z + k + 3. Let l(i) = 0*i**2 - 2*i**2 + 0*i - 3*i + 2. What is l(z)?
-7
Let b(r) be the third derivative of 7*r**2 + 1/6*r**3 + 1/60*r**5 + 0*r + 1/12*r**4 + 0. Determine b(-2).
1
Suppose 3*s - 12 = 2*x, 0*s + 3*s - 12 = -x. Let j(t) = -t**3 + 3*t**2 + 2*t - 4. Let g be j(3). Let y(v) = -3 - v**g - 2 + 4 + v - s*v**3. Calculate y(1).
-5
Let p(b) = 5*b**2 - 1. Let r be p(-1). Suppose -v + 14 = 4*j - 10, -2*v + 2*j - 2 = 0. Let a(f) = -5*f - 5 + 0*f + f**2 + v*f. Calculate a(r).
7
Let z(t) = 3*t**3 + 5*t**2 - 3*t. Let g(r) = 5*r**3 + 9*r**2 - 5*r. Let o(y) = -4*g(y) + 7*z(y). Determine o(-2).
-10
Let v(i) = 9*i**2 + 1. Suppose 0*a - 4*a + 4 = 0. Suppose -s - 4*z + a = -12, 30 = 3*s + 3*z. Suppose 4*m - 3*q - 19 = 0, m - 7 = 3*q + s. Give v(m).
10
Let s(n) = n**3 + n**2 - n - 1. Let w be s(-1). Let l(i) = w + 3 - 2 - i. Give l(-1).
2
Let l(b) be the third derivative of 5*b**4/24 - 5*b**3/6 + 3*b**2. Let c(j) = 11*j - 10. Let y(n) = -6*c(n) + 13*l(n). Give y(-5).
0
Let o be (-92)/20 + 4/(-10). Let f(p) = -4*p + 7. Suppose 2*y - 3*b = -3 - 0, -4*b = 5*y - 50. Let x(a) = 5*a - 8. Let l(i) = y*f(i) + 5*x(i). Calculate l(o).
-3
Let c(b) = -b**3 + 9*b**2 - 9*b + 11. Let p = -68 + 76. Calculate c(p).
3
Let i be 4/14 + 208/56. Suppose 25 = 2*w + 9. Let l(y) = y - w + 4 - 4. Determine l(i).
-4
Let z(r) = -2*r**2 + 557 + 6*r - 4*r - 556. Determine z(3).
-11
Let d(a) = a - 5. Let j be (-3)/(-2)*(-7 - -13). Let i = j + -5. What is d(i)?
-1
Let z(k) = -20*k - 1 + 20*k + 4*k**2. Give z(-1).
3
Let w(f) = -f**2 - 8*f + 12. Let q be w(-9). Let r(i) = -3*i + 1. Let h(z) = -7*z + 3. Let k(t) = 2*h(t) - 5*r(t). Calculate k(q).
4
Let w = -13 - -13. Let u(c) = -c**2 + 6. Determine u(w).
6
Let k(i) = -6*i**2 - i + i**2 + i**3 + i**2. Suppose 3*w + 3*s = 0, 5*w - 8 = 2*s - 29. Let q be 3 - (2 + w)*1. What is k(q)?
-4
Suppose -s - 3 = 1. Let z(n) be the first derivative of n**4/4 + 5*n**3/3 + 3*n**2/2 - n - 2. Determine z(s).
3
Let n(i) = i + 13. Let f(a) = -1 - a - 4 + 5 - 6. Let b(x) = 13*f(x) + 6*n(x). What is b(1)?
-7
Let x(s) = -2*s + 2. Let z(g) = g**3 - 6*g**2 + 2*g + 2. Let r be z(6). Suppose 0*k + 8 = -2*k, 5*u - k = r. Let i = 6 - u. Calculate x(i).
-6
Let z(c) = -c**2 - c. Suppose 28 = -f + 24. What is z(f)?
-12
Let b(x) = x**2 + 9*x + 2. Let v be b(-9). Suppose -t = v*j - 12, -2*t = 3*j + t - 21. Suppose j = -10*p + 5*p. Let g(s) = 3*s**3 - s**2. Give g(p).
-4
Let o(d) = 2*d. Suppose -4*c - j - 3 = -5*c, 0 = -4*c - 2*j + 6. Calculate o(c).
4
Let s(q) = -69*q**2 - 71*q**2 + 134*q**2. Let g be (1/(-1))/((-2)/(-8)). Let d = -3 - g. Calculate s(d).
-6
Let o(s) = -s**2 - 2*s - 2. Suppose 0 = v + 6 - 2. Give o(v).
-10
Suppose 5*d + 2*t - 140 = 4*t, 5*t = 25. Let y(f) = 2*f**2 - 2*f**3 + 31*f + 3*f**3 - 3*f**3 - d*f + 2. Suppose 2*n + 1 = 5. Determine y(n).
-4
Let k(b) = -8*b + 1. Suppose 2*v - 3 = -5. What is k(v)?
9
Let k(s) = 3 + 2 + s - 6. Determine k(7).
6
Let y(c) = -c**3 + 4*c**2 + c - 2. Let q be y(4). Let a(k) = -2*k**2 + 8*k + 8. Let o(d) = 6*d**2 - 23*d - 23. Let j(t) = 17*a(t) + 6*o(t). What is j(q)?
2
Let c(t) = -6*t - 3. Let v be c(-3). Let y(o) = -o**2 + v*o + 2*o**2 + 7 - 7*o. Calculate y(-5).
-8
Suppose -6*z + 5*z - 5 = 0. Let v(c) be the second derivative of c**4/12 + c**3 + 7*c**2/2 + c. Calculate v(z).
2
Let i(b) = -10*b + 28 - 15 - 14. What is i(-1)?
9
Let p be (6/(-15))/((-3)/75). Let f = p - 5. Let l(j) = j**3 - 5*j**2 - 2*j + 7. Determine l(f).
-3
Let r(f) be the second derivative of 1/360*f**6 - f - 1/3*f**3 + 0 + 1/30*f**5 + 0*f**2 - 1/24*f**4. Let z(q) be the second derivative of r(q). Determine z(-2).
-5
Suppose 2*s = -s. Let u(p) = p**3 + 3*p**2 + 1. Let w be u(-2). Let f(j) = 0*j + w + j + 0. What is f(s)?
5
Let t(j) = -j**3 + j. Let b(p) = 2*p**3 + p**2 - 3*p + 1. Let x(w) = -b(w) - 3*t(w). Suppose 2*s + 0 - 4 = 0. Determine x(s).
3
Let z(a) be the second derivative of a**4/12 - 5*a**3/6 + 3*a**2 - 25*a. Determine z(4).
2
Let g be (-70)/(-42) - ((-44)/(-12) + -1). Let k(d) be the first derivative of -d**4 - d**2/2 - d + 1. Give k(g).
4
Let q(m) be the third derivative of -m**6/120 + m**5/15 - m**3/3 - m**2. Give q(4).
-2
Let r(c) = -c. Let p(h) = -3*h - 1. Let z(w) = p(w) - 5*r(w). Suppose -2*f - x + 0*x = -7, -3*f - 2*x + 11 = 0. Calculate z(f).
5
Let b(q) = -2*q + 34. Let w be b(14). Let h(t) = -t**3 + 7*t**2 - 5*t + 1. Determine h(w).
7
Let a(o) = -o**2 - 12*o + 43. Let x be a(-15). Let j be -1*((-2)/(-2) + -4). Let t(q) = 1 - 2 - q**j + 0*q + 2*q. Give t(x).
3
Let q(n) = 20*n**3 - 9*n**2 + 5*n - 3. Let b(j) = 10*j**3 - 4*j**2 + 2*j - 1. Let w(i) = 5*b(i) - 2*q(i). Determine w(1).
9
Suppose -2*f - 3*f + 3 = k, -2*f - k = -3. Let u be (-2)/10 + 156/30. Let p(h) = -h**2 - 4 + f - 1 - u*h + 1. Determine p(-5).
-4
Let z(p) be the third derivative of 17*p**5/60 + p**4/12 - p**3/6 + 7*p**2. Give z(1).
18
Let y(l) = 11*l**3 + 5*l**2 - 10*l - 5. Let v(b) = -7*b**3 - 3*b**2 + 7*b + 3. Let i(m) = -8*v(m) - 5*y(m). What is i(4)?
25
Let j be (-2 - -2) + (5 - -1). Let y = j + -5. Let w = 0 + y. Let o(c) = 4*c + 1. Calculate o(w).
5
Suppose -1 = -2*f + 3*f + d, 5*f + 2*d + 20 = 0. Let w = 2 + f. Let h(b) = -b**3 - 4*b**2 - 3*b - 6. Determine h(w).
6
Suppose 2 + 1 = h. Let k(p) = 1 - 4*p + p + 1. Give k(h).
-7
Let i(o) be the second derivative of o**5/60 - o**4/8 - o**3/3 + 3*o**2/2 - 2*o. Let z(v) be the first derivative of i(v). Determine z(5).
8
Let a be (23 - 5)*(-2)/(-6). Let f(x) = -x**3 + 4*x**2 + 10*x - 7. Give f(a).
-19
Let n(r) be the third derivative of r**7/5040 - 11*r**6/720 + 2*r**5/15 + 6*r**2. Let x(g) be the third derivative of n(g). Give x(5).
-6
Let k(a) be the third derivative of a**4/24 - a**3/3 - 2*a**2. Let r(i) = 2*i - 5 + 8 + 4. Let d be r(-6). What is k(d)?
-7
Let s = 58 - 61. Let q(l) = 2*l + 2. Give q(s).
-4
Let s(h) = 3*h**2 + h + 1. Let x(n) be the first derivative of -2*n**3/3 - n**2/2 - n - 4. Let f(l) = -3*s(l) - 4*x(l). What is f(2)?
-1
Suppose -m - 42 = 5*b - 3*m, -3*b = 5*m + 19. Let v(h) = -h**3 - 7*h**2 + 8*h - 3. Determine v(b).
-3
Let d(c) be the first derivative of -2*c**2 + c + 1. Suppose u + 3*j - 4*j = 0, 0 = 5*u - 4*j - 1. Calculate d(u).
-3
Suppose -3*k + o + 15 = -0*o, 0 = -2*o. Let p(r) = -r**3 + 4*r**2 + 7*r - 2. Calculate p(k).
8
Suppose 0 = -5*v + 3*k - 1 + 4, 0 = -5*v - 5*k + 35. Let y = 3 + 0. Let b(t) = 0*t**3 - y*t + 3 + 3*t**2 - 4 - t**3. Give b(v).
-10
Let j(h) = -2*h**2 - h. Let q(y) = -y**2. Let c(z) = 2*j(z) - 5*q(z). What is c(4)?
8
Let y(b) be the second derivative of -b**4/12 - b**3/3 - 3*b**2/2 + 11*b. Let g(j) = j + 3. Let z be g(-5). Let p be y(z). Let x(q) = 2*q + 3. Give x(p).
-3
Let s(v) = 1. Let y(f) = f**2 - 5*f - 7. Let b(n) = 6*s(n) + y(n). Calculate b(5).
-1
Let d(c) = -3*c**2 - 2*c**2 + 4*c**2. Let j = 2 - 6. Let m = 4 + j. Calculate d(m).
0
Suppose w = 2*w - 12. Suppose -5*d = -3 - w. Let i(z) = 2*z**2 - 4*z. What is i(d)?
6
Let d = -5 - -8. Suppose d = -6*m + 3*m. Let y(g) = -g**3 + 2*g**2 - 3*g + 4. Let i(q) = q**3 + q**2 - q + 1. Let h(f) = 3*i(f) - y(f). Calculate h(m).
-4
Let a(v) = -3*v**2 + 2*v - 1. Let m(d) = 2*d**2 - d. Let y be m(-1). Suppose -4*r - k + 12 = 0, -y = -5*k + 17. What is a(r)?
-9
Let i(f) = f**3 - 4*f**2 - 7*f - 2. Let x(k) = -4*k**3 + 12*k**2 + 22*k + 5. Let m(g) = 7*i(g) + 2*x(g). What is m(-3)?
2
Let j = -26 + 22. Let g(w) = w**2 + 2*w - 3. What is g(j)?
5
Let v(g) = -g**2 + g + 1. Let c(d) = d**2 + 3*d + 5. Let p(k) = c(k) + 2*v(k). Let u(b) = -b + 2. Let f be u(7). Let l(a) = a + 10. Let j be l(f). Give p(j).
7
Suppose 13*g + 39 = 156. Let k(z) = z**2 - 9*z - 5. What is k(g)?
-5
Let i(s) = -76*s + 35*s + 1 + 37*s. Determine i(1).
-3
Let h(y) = -y - 4. Suppose 4*b + 24 = -3*o, -5*o = -3*b + 2*b - 6. Give h(b).
2
Suppose -5*k - k + 30 = 0. Let q(y) = -k*y + 29 - 6*y - 28. Calculate q(1).
-10
Suppose -3*x - 6*j = -j - 6, -6 = 4*x + 2*j. Let b be 2*x/12*-4. Let c(p) = 2*p - 4 - 2*p**3 + 3*p**3 - 7*p**b + 3*p**2. Give c(4).
4
Let d(h) = h**2 - 12*h + 13. Let m be d(11). Let 